5
Let q = -6 + -31. Let l = 33 - q. What is the units digit of l?
0
Let m(v) = 27*v + 41. What is the units digit of m(14)?
9
Suppose -16 = -5*p - u + 1, 1 = 4*p + 5*u. What is the tens digit of p*(-2)/((-12)/93)?
6
Suppose -4940 = 3*j - 8*j. Suppose -4*w = -j + 204. Suppose 5*o - 155 = 2*f, w - 60 = 4*o - 4*f. What is the units digit of o?
9
Let o = -25 + 15. Let r(f) = 2*f**2 + 15*f. What is the tens digit of r(o)?
5
Let g be (-2)/(-6)*25 + (-14)/(-21). Let a(s) = 3*s - 5. What is the units digit of a(g)?
2
Suppose -3*y = 5*o - 2675, 0 = o - 34*y + 30*y - 558. What is the units digit of o?
8
Let y(c) = 31*c + 2. Let g be y(-2). Suppose 2*q + 32 = -b + q, 4*b + q + 143 = 0. Let l = b - g. What is the units digit of l?
3
Let l(y) = -9*y - 1. Let t be l(-1). Suppose -28 = 7*a - t*a. What is the units digit of a?
8
Let m be 2/((-2)/(-5) - (1 - 1)). Suppose 0*a - 425 = -m*a. What is the tens digit of a?
8
Suppose 4*i - 3219 = -999. Suppose 4*g - i = -151. What is the units digit of g?
1
Let v(q) = 12 - 14 + 7 - 8*q + q**2. What is the units digit of v(8)?
5
Suppose -5*b - 4*v - 652 = -7651, -4 = -4*v. What is the hundreds digit of b?
3
Suppose 4*a + 1950 = 3*y + 98, 0 = -3*y - 3*a + 1845. What is the hundreds digit of y?
6
Let y = -953 - -2184. What is the thousands digit of y?
1
Let i = 560 - 326. What is the units digit of i?
4
Let r be 2/4 - (-1)/(-2). Suppose -i + 18 = 7*q - 3*q, -i + 2 = r. What is the tens digit of q - -2*(15 + -3)?
2
What is the units digit of (180/(-42))/(2/(-210)*3)?
0
Let r(c) = c**3 - 4*c**2 - 6*c. Let j be r(5). Let y(h) = h**2 + 2*h - 8. What is the units digit of y(j)?
7
Suppose 25*j = 19*j - 54. Let s = j - -173. What is the tens digit of s?
6
Let o = -31 + 51. Let j = 2 + 17. Let m = o - j. What is the units digit of m?
1
Let r(a) = -a**3 - 24*a**2 + 14*a - 22. What is the units digit of r(-25)?
3
Let x(s) = 146*s**2 + 34*s + 3. What is the units digit of x(4)?
5
Suppose 2074 = a + 5*d, -4*d - 8224 = 2*a - 6*a. What is the hundreds digit of a?
0
Let b(r) = 7*r**2 - 11*r - 38. What is the hundreds digit of b(12)?
8
Let r(f) = 4*f**2 + 33*f - 36. What is the units digit of r(-19)?
1
Let m(c) = c**2 - 9*c + 13. Let j be m(2). What is the units digit of (3 + -4)*(-36 - j*1)?
5
Let x be (12/(-4))/(0 - -1). Let c(b) = 7*b**2 + 7*b - 3. Let f(l) = 7*l**2 + 6*l - 2. Let i(a) = x*c(a) + 4*f(a). What is the tens digit of i(-2)?
2
Let v = 2235 + -1218. What is the thousands digit of v?
1
Suppose -5*i + f = -2*f - 7, 9 = -5*i - f. Let b(t) = 286*t**2 + 3*t + 2. Let m be b(i). Suppose x + m = 6*x. What is the tens digit of x?
5
Let b = 1794 + -1689. Suppose 2*i - 30 = -124. Let y = i + b. What is the units digit of y?
8
Suppose -4*d - 7 = -3*z, -3*z + 15 = -d + 2. Let s(q) = 13*q + 10. What is the units digit of s(z)?
5
Let s(g) = 3*g**2 - 2*g. Let j be s(-1). Suppose 0 = j*d - 174 + 24. What is the units digit of d?
0
Suppose -64 = 4*q - 4*s, -2*s = -3*s + 3. Let i = 42 + q. What is the units digit of i?
9
Let i(j) = 4*j - 54. Let d be i(12). What is the hundreds digit of (-1)/(6/2) - 602/d?
1
Suppose 19*o + 5956 - 22923 = 0. What is the hundreds digit of o?
8
What is the hundreds digit of (5*(-24374)/210)/((-1)/3)?
7
Let b(u) = -3*u**3 - 29*u**2 + 8*u + 4. What is the units digit of b(-14)?
0
Suppose 40 = 3*w - 5*w + 5*c, -3*c = -6. What is the units digit of (-65)/2*96/w?
8
Suppose 5*p - 15 = -0*p, 4*d + 3*p - 12961 = 0. What is the hundreds digit of d?
2
Let l(y) = y**2 + 7*y + 15. Let u be l(-5). Let q be 2/7 - (-82)/7. Let d = q - u. What is the units digit of d?
7
Let m = -35 + 35. What is the tens digit of (m + -2)/(-4)*62?
3
Let t = 29 + -24. Let q(a) = -a**3 - 5*a**2 - 4*a + 4. Let u be q(-5). Suppose -4*c + u = 2*v, v - 3*v + t*c + 33 = 0. What is the tens digit of v?
1
Let p be (-3)/12 + 27/12. Let s(b) = -p - 5*b + b + 1. What is the units digit of s(-3)?
1
Let u(l) = -l**3 - 15*l**2 + 25*l + 40. What is the units digit of u(-19)?
9
Let b be 555/(-45) - 2/(-6). Let y(m) = m**3 + 12*m**2 - 9*m - 13. What is the units digit of y(b)?
5
Let n(l) = l**3 - 2*l**2 - 5*l - 3. Let q(u) = -41*u + 2. Let r be q(3). Let z be 3/(-2) - r/22. What is the units digit of n(z)?
9
Let b(a) = 4*a**3 - 2*a**2 + 1. Let d be b(1). Suppose 2 = 2*o - d*o. Let g = 7 + o. What is the units digit of g?
5
Let i(t) = 24*t - 50. What is the units digit of i(11)?
4
Suppose -207 - 173 = -5*r. What is the tens digit of r?
7
Let a(o) = o**3 + 8*o**2 - o - 4. Let b be a(-8). Suppose r + 4*n = -b*r + 534, 0 = r + 5*n - 90. What is the hundreds digit of r?
1
Let m(h) = 9*h**2 + 18*h + 52. What is the hundreds digit of m(-4)?
1
Suppose 4*m - 5 + 73 = 0. Let r = m + 32. What is the tens digit of r?
1
Let d = -32 - -51. Let h(m) = m**2 + 4*m - 3. Let j be h(-5). Suppose -j*l = -d - 15. What is the tens digit of l?
1
Suppose -w = -5*h + w + 2897, 2885 = 5*h - 5*w. What is the hundreds digit of h?
5
Let v be (7/(-2))/((-19)/(-38)). Let t = v - -7. Suppose -4*y + 6*y - 40 = t. What is the units digit of y?
0
Let v be 1 + 88 + 6*5/10. Let w = 188 - v. What is the units digit of w?
6
Suppose 4*v - 5 = a, 0 = -3*v - a + 4*a - 3. Suppose -6*j = -v*r - 3*j + 29, 2*r + 2*j = 34. What is the tens digit of r?
1
Suppose 0 = -199*c + 202*c - 1461. What is the tens digit of c?
8
Let s = 195 - -2649. What is the thousands digit of s?
2
Let p(o) = 5*o**2 - 10*o - 65. What is the tens digit of p(-7)?
5
Let t be 67/(-4) + 1/(-4). Let f = -12 - t. Suppose -f*c - 2*m = -88, 2*c + 2*c + 5*m - 84 = 0. What is the tens digit of c?
1
Let f(h) = -84*h - 33. What is the hundreds digit of f(-4)?
3
Let n be 2*1*129/(-6). What is the units digit of 1 - (-4)/((-4)/n)?
4
Let f = 3 + 0. Suppose f*w + w - 24 = 0. Let p(c) = -c**3 + 5*c**2 + 8*c - 7. What is the units digit of p(w)?
5
Suppose 0 = q - 5*q. Suppose q = -3*w - 15, -2*s - 6*w - 10 = -2*w. Suppose 3*f - s - 52 = 0. What is the tens digit of f?
1
Let y(u) = -u**3 + 22*u**2 - 14*u + 23. What is the tens digit of y(20)?
4
Let d = -1401 + 1980. What is the units digit of d?
9
Suppose -5*s + 3*l = 424, 5*s + 342 = s + l. Let r = s + 152. Let h = -30 + r. What is the tens digit of h?
3
Let o(j) be the second derivative of -5*j**3/6 - 3*j**2 - 7*j. Let a = -45 + 39. What is the tens digit of o(a)?
2
Let s = -72 + 167. Let o = s + 93. What is the hundreds digit of o?
1
Let k(h) = 97*h + 20. Let p(a) = 485*a + 98. Let x(m) = 11*k(m) - 2*p(m). What is the units digit of x(2)?
8
Let m = 2040 - 1268. What is the units digit of m?
2
Let k be (-24)/(-132) + (-40)/(-22). Suppose k*t + 5*o = -2*t + 160, 4*o + 16 = 0. Suppose 207 + t = 4*c. What is the tens digit of c?
6
Let n(q) = 25*q + 334. What is the thousands digit of n(45)?
1
Let a(q) = 7*q + 5. Let b(p) = -1. Let f(h) = -a(h) + 6*b(h). What is the units digit of f(-4)?
7
Suppose 4*g - 2476 = 504. What is the hundreds digit of g?
7
Let r(j) = -67*j + 247. What is the tens digit of r(-8)?
8
Suppose 15*r - 51196 = -346. What is the tens digit of r?
9
Let f(n) = n**2 + 8*n - 83. Let r be f(6). Suppose -h + x = -x - 8, -16 = -5*h - 2*x. What is the tens digit of (-4)/h*-35 - r?
3
Suppose 11*q = 61058 - 7323. What is the units digit of q?
5
Let i = 1953 + -537. What is the hundreds digit of i?
4
Let a(w) be the second derivative of -w**4/12 - 17*w**3/6 - w**2 + 7*w. What is the units digit of a(-8)?
0
Let b(v) = -v**2 + 7*v + 10. Let w be 0/(1/1) - -16. Let o = -10 + w. What is the units digit of b(o)?
6
Suppose -137 - 52 = -c. What is the tens digit of c?
8
Suppose -12*o - 92 = -16*o. Let l = o + 6. What is the units digit of l?
9
Let s = 27 - 20. Suppose 0 = -6*l - s + 319. What is the units digit of l?
2
Let h(l) = -l**3 + l**2 - l + 1. Let r(j) = -6*j**3 + 5*j**2 - 3*j + 3. Let f(z) = -4*h(z) + r(z). Let i be f(1). What is the units digit of (i - -2) + 2 - 0?
3
Let c = 1430 - 1036. What is the tens digit of c?
9
Let r = 1545 - 1469. What is the units digit of r?
6
Let m = -10 - 87. Let y = m - -142. What is the tens digit of y?
4
Suppose -3*y = -4*l + 26, -3*y + y - 4 = 0. Suppose -k + l*k = 352. What is the tens digit of k?
8
Let s(l) = -l**3 + 35*l**2 + 26*l - 112. What is the tens digit of s(31)?
3
Suppose -2*r + 3*r = 107. Let i = r + -50. What is the units digit of i?
7
Let n 